ose 11 + 4 = 5*v. Let n(z) = 1 + 3 + 2 + v*z - 6*z. Let x be (27/(-540)*-20)/(2 + 27/(-15)). Calculate n(x).
-9
Let y(t) be the second derivative of t**5/40 + t**4/12 + 7*t**3/2 - 13*t + 8. Let c(b) be the second derivative of y(b). Determine c(-7).
-19
Let f(d) = 12*d**2 + 15*d + 2. Suppose -1 = 5*y + 4*i, -2*y + 53*i - 6 = 49*i. What is f(y)?
-1
Let b(o) be the third derivative of -o**5/120 - 5*o**4/24 - o**3 - 25*o**2. Let m(z) be the first derivative of b(z). Suppose 0*s = 3*s + 18. Determine m(s).
1
Let i(l) = -20*l - 25. Let p(k) = 6*k**2 - 30*k + 31. Let w be p(3). Determine i(w).
75
Let l(o) = o**3 + 22*o**2 - 24*o + 7. Suppose 0 = p + p - 5*j + 81, -4*j + 51 = -p. What is l(p)?
30
Let v(k) = -k**3 + 7*k**2 + 5*k + 3. Let i(p) = -p**2 + p. Let x(s) = 2*s**2 - 3*s. Let q be x(2). Let h(l) = q*i(l) + v(l). Calculate h(6).
9
Let c(m) = 2*m**2 - 1935 + 1929 + 35*m + 2*m**2. Determine c(-9).
3
Let s(r) = r**2 - 4*r - 3. Let j be (-5 - -2 - -4)/(2/(-4)). Calculate s(j).
9
Let y(o) = -175 - 175 - 178 - 179 + 4*o + 703. Let f(w) be the second derivative of -w**4/12 - 2*w**3/3 + 2*w. Let c be f(-2). Calculate y(c).
12
Let k(h) = h**2 + 2*h - 1. Let x(m) = -9*m**2 - 4*m + 4. Let l be ((-35)/21)/(10*2/(-12)). Let a(f) = l*x(f) + 3*k(f). Determine a(-1).
-7
Let p(u) = 5*u**2 + 1. Suppose -20*h + 28*h + 2288 = 0. Let y be (-8)/14 + h/(-182). Determine p(y).
6
Let s(w) = -w**3 + 15*w**2 + 5*w - 8. Let n = -2952 + 2967. What is s(n)?
67
Suppose -5 = 5*d + 3*t + 2*t, 5*d - 2*t = -19. Suppose -5*c = 3*s + 4, 85*s + 13 = 4*c + 82*s. Let j be -1 + (2 + c - d). Let r(b) = b - 11. Determine r(j).
-6
Let s(p) = -p**2 + 56*p - 546. Let z(k) = -2*k**2 + 115*k - 1093. Let g(o) = 5*s(o) - 3*z(o). Determine g(55).
-1
Let f = -43 - -50. Suppose -f*l - l = -32. Let k(j) = -114*j**2 - l + 113*j**2 + 5*j + 3*j. Calculate k(3).
11
Let a(t) = -12 - 5 + 7 - 7*t + 2*t - 5. Give a(-11).
40
Let k(o) = -o**2 - 10*o - 9. Let h = -710 + 714. Suppose -9*n = -6*n + 4*d + 32, d + 34 = -h*n. What is k(n)?
7
Let w be (2 - 33/12 - (-748)/(-176)) + -5. Let g(k) = -11*k - 111. Give g(w).
-1
Let h(n) be the first derivative of n**4/4 + 10*n**3/3 + 25*n**2/2 + n - 1001. Determine h(-6).
-5
Let l = -121 - -213. Let v(u) = -3 - 7 - l*u + 94*u. Give v(8).
6
Let t(l) = 4*l - 3. Let n be t(2). Suppose 0 = 3*a + 2*q - 35, 57 = 5*a + 8*q - 4*q. Let z(g) = a*g - 23*g + 2 + 8*g - 3. Give z(n).
-11
Let q(o) = -19*o + 1 + 69 - 66 - 5*o. Determine q(-1).
28
Let m(f) = -f**2 - 5*f - 3. Suppose -14 + 86 = 18*r. Let s = 8 + -4. Suppose 12 = -r*i - s. Calculate m(i).
1
Let v(f) = -14 - f + 205*f**3 + 7*f**2 - 2*f**2 + 2*f - 206*f**3. Let m be v(5). Let u(j) = -j - 11. Give u(m).
-2
Let t be (-2)/(-4)*(-3 - -3). Let d be (4/7)/(t + (-1)/(-7)). Let r(q) = -q + 1. Let i(n) = 5*n - 1. Let a(j) = -i(j) - 4*r(j). What is a(d)?
-7
Let p(v) = -v**3 + 9*v**2 - 10. Let y be 14/2 + 91/(-13). Suppose y = -f + 2*a + 5, 2*a = 3*f + 7*a - 37. What is p(f)?
-10
Let l = 408 - 405. Let p be (l/3)/1 - (-20)/5. Let a(c) = -c - 1. Calculate a(p).
-6
Let x(f) be the second derivative of f**7/2520 - 13*f**6/720 + f**5/10 + 4*f**4/3 + f**2 + 145*f. Let b(g) be the third derivative of x(g). Calculate b(11).
-10
Suppose -5*w = -5*y - 55, -3*y + 2 = -5*w + 39. Let x(a) = 11*a**2 - 2*a - 10. Let c(o) = 5*o**2 - o - 5. Let v(q) = y*c(q) + 4*x(q). What is v(4)?
-7
Let f(t) be the third derivative of t**7/1260 + t**6/90 + t**5/20 + 5*t**4/8 + t**3/6 + 89*t**2. Let j(h) be the second derivative of f(h). Give j(-3).
0
Suppose 5*d - p = 15, d + 11 = 4*d - p. Let y(f) = 3*f + 2 + 3 - f - 4*f - f**2 - f**d. What is y(4)?
-35
Let s(c) be the second derivative of -c**5/20 - c**4/2 + 5*c**3/2 - 13*c**2/2 + 73*c. What is s(-8)?
-5
Let g(q) be the third derivative of -24*q**2 + 0*q**4 + 3*q**3 + 0*q + 1/120*q**5 + 0. Let l(h) be the first derivative of g(h). What is l(0)?
0
Suppose 3*z + 4*o = -34, 0*o - 41 = 4*z + o. Let n be ((-5)/(z/(-52)))/(2 - 4). Let x(f) = -2*f + f - n*f**2 - 2 + 3 - f**2. Calculate x(1).
-14
Let z(r) = 9 - 23*r + 2 - 2 - 4. Calculate z(2).
-41
Let k(n) = 5*n**2 + 4*n + 2. Let a(v) = -v**2 - v. Let b = -180 + 181. Suppose 0 = -3*d - 57 + 69. Let y(w) = b*k(w) + d*a(w). Give y(0).
2
Let p(d) = 5*d**2 - 25*d - 7. Let x(a) = -3*a**2 + 13*a + 4. Let k(t) = 4*p(t) + 7*x(t). Let o = -501 - -475. Let f = 18 + o. Give k(f).
8
Let i(t) be the third derivative of 0*t**3 - 1/720*t**6 + 3/8*t**4 + 0 + 7*t**2 + 1/30*t**5 + 0*t. Let u(r) be the second derivative of i(r). What is u(-3)?
7
Let t(h) = 3 - 3*h + 2*h + 0*h. Let x(i) = -i**3 + 3*i**2 - 5*i. Suppose 2*l = 3*l - 2. Let a be x(l). Determine t(a).
9
Let v = 87 + -115. Let f be (18 + 0)*(-10 - 266/v). Let z(j) = -j**3 - 10*j**2 - 13*j - 10. Determine z(f).
26
Let y be 9 + 1122/(-126) + (-1364)/(-231). Let b(d) = -4*d**2 + d - 12. What is b(y)?
-150
Let u(s) be the third derivative of -1/120*s**6 - 1/6*s**3 + 1/15*s**5 + 0*s - 20*s**2 + 0 + 1/24*s**4. Give u(5).
-21
Let q(l) be the third derivative of -l**5/60 - 5*l**4/4 - 13*l**3/3 - 2*l**2 + 11*l. Determine q(-29).
3
Let z(r) = -r**2 - r - 2. Suppose g = d - 54, 3*g - 7*g - 273 = -5*d. Suppose -56*p - 2 = -d*p. Give z(p).
-8
Let q = 5043 - 5025. Let x(r) = r**2 - 20*r + 10. Determine x(q).
-26
Let i(h) = h - 7. Let l be (-5*2 - 0)/(-12 + 10). Suppose l*a = -3 + 18. Calculate i(a).
-4
Let m(u) = -u**3 + u**2 - u + 5. Let y(v) = -5*v**2 + 5*v - 1. Suppose 4*q - 5*i + 21 = 0, 3 = -i + 8. Let f be y(q). Let d be 0/((-2 + 4)*f). Give m(d).
5
Let o(f) = -26*f - 14*f + 3 + 34*f. Let s(r) = r**3 + 56*r**2 - 239*r + 53. Let k be s(-60). What is o(k)?
45
Let w(j) = -2*j**2 + 5*j - 7*j - 113*j**3 + 16 + 114*j**3 - 11*j**2. Give w(13).
-10
Let i(k) = k**3 + 6*k**2 - 5*k + 1. Let l be (22 + -21)/(2/(-6)). Let g(x) = -3*x**3 - 17*x**2 + 12*x - 4. Let p(z) = l*g(z) - 8*i(z). Determine p(-4).
-28
Let m(s) be the second derivative of s**4/6 + 13*s**3/6 + 57*s + 16. Determine m(-11).
99
Let y(i) = -i**3 - 7*i**2 - 13*i + 7. Let v = -1236 + 1232. Determine y(v).
11
Let w be 1 + 204 + (-3 + 14)/11. Let b = -209 + w. Let u(x) = -x**2 + 1 + 3 - 4*x - x. Calculate u(b).
10
Let u(j) = j**2 + 7*j - 1. Let i(c) = -c**2 - 9*c + 31. Let w be i(-12). Let l be w*(48/10)/((-21)/28). Suppose 3*n - l + 1 = 2*r, r = 5*n - 33. Calculate u(r).
7
Let y(g) = -g**2 - 10*g - 8. Let j(q) = -163*q - 1634. Let m be j(-10). Calculate y(m).
16
Let u be 10*16/120*(-3)/(-4). Let c(g) = 0 - 2 - 11*g + 0 + 6*g + u. Give c(3).
-16
Let o = 4 + -2. Let f(y) = -4*y**3 + o*y + y + 3*y**3 - 3. Let i = -47066 - -47063. What is f(i)?
15
Let n(o) be the first derivative of o**2/2 + 10*o - 4. Let u be ((-1)/(-2))/(((-10)/(-364))/(-5)). Let c = u + 86. Calculate n(c).
5
Let d(v) = -15*v**3 - 23*v**3 + 2 + 59*v**3 - 20*v**3 - 1. Let g be (1/(-2))/(4/(-8)). Let c be (3 - g)*(-1)/(-2). What is d(c)?
2
Let c(r) = -r**2 - 18*r + 21. Let v(z) be the first derivative of z**3/3 + 35*z**2/2 - 40*z - 74. Let m(o) = -5*c(o) - 3*v(o). What is m(6)?
-3
Let v(w) = -5*w**2 - 4. Let o(z) = z**2 - z + 1. Let t(h) = 7*h + 34. Let a be t(-3). Suppose 0 = 14*g + 1 + a. Let d(l) = g*v(l) - 4*o(l). Determine d(-3).
-3
Let s(p) = 4*p - 10*p**3 - 21*p**2 + 3*p**3 + 8*p**3 + 15 - 5*p. Let o be s(21). Let k(c) = -c**3 - 6*c**2 + c - 1. What is k(o)?
-7
Suppose 0 = 64*f - 72*f - 6880. Let k = f + 869. Let x(h) = h**2 - 9*h - 5. Determine x(k).
-5
Let w(j) = 0*j**3 - 11 - 7*j - 6*j**3 + 17*j**3 - 9*j**3 - 2*j**2 - 6*j. Give w(-1).
-2
Suppose g - 6 + 0 = 0. Let l(c) = 5*c - 3. Let x(h) = 7*h - 4. Let u(a) = -3*l(a) + 2*x(a). What is u(g)?
-5
Let t(f) be the second derivative of 5/6*f**3 + 1/20*f**5 + 0 + 5/2*f**2 - 7/12*f**4 - 2*f. Let h(x) = -272*x + 1910. Let i be h(7). Calculate t(i).
-1
Let q(v) = 3*v**3 + 3*v**2 + 10*v + 8. Let n = -351 + 349. Let z(w) = w**3 + w**2 + 3*w + 3. Let s(f) = n*q(f) + 7*z(f). Calculate s(0).
5
Let l = -663 + 671. Let j(b) = 0*b - b - l + 2 + 1. Determine j(-6).
1
Let z = -47 - -389. Let n = -345 + z. Let m(i) = -i**2 + 3. Give m(n).
-6
Let y(i) be the second derivative of i**5/20 + i**3/6 - 3*i**2/2 - 3*i - 223. Give y(0).
-3
Let j(o) = 4*o + 15. Let w(z) = -7*z - 27. Suppose -306 + 282 = 4*x. Let g(y) = x*w(y) - 11*j(y). What is g(4)?
-11
Let v = 3739 - 3720. Let m(j) = -